{"id":2086,"date":"2019-02-24T15:43:35","date_gmt":"2019-02-24T20:43:35","guid":{"rendered":"http:\/\/culinaryhistorians.ca\/?page_id=2086"},"modified":"2022-12-01T11:54:48","modified_gmt":"2022-12-01T16:54:48","slug":"royal-agricultural-winter-fair-canning-competition","status":"publish","type":"page","link":"https:\/\/www.culinaryhistorians.ca\/wordpress\/royal-agricultural-winter-fair-canning-competition\/","title":{"rendered":"Royal Agricultural Winter Fair Canning Competition"},"content":{"rendered":"<h1>Royal Agricultural Winter Fair<br \/>\nCanning Competition<\/h1>\n<p><strong>Heritage categories sponsored by the Culinary Historians of Canada<\/strong><\/p>\n<h1>2022<\/h1>\n<p><strong>Heritage Jam &amp; Jelly (Amateur)<\/strong><\/p>\n<ol>\n<li>Strawberry Rhubarb Jam from\u00a0<em>Mme Jehane Beno\u00eet&#8217;s Encyclopedia of Canadian Cuisine<\/em>, 1963, by Well Preserved Farm, Toronto, Ontario<\/li>\n<\/ol>\n<p><strong>Heritage Jam &amp; Jelly (Professional)<\/strong><\/p>\n<ol>\n<li>Red Raspberry Jam from her grandmother&#8217;s recipe by Wendy Mahoney, Warkworth, Ontario<\/li>\n<li>Bluebarb Jam from\u00a0<em>Farm Journal&#8217;s Country Cookbook<\/em>, 1959, by Tanis VanderMolen, Seaforth, Ontario<\/li>\n<li>Blackberry Raspberry Rhubarb Jam from an undated handwritten recipe by Gryphon Ridge Highlands, Niagara On The Lake, Ontario<\/li>\n<\/ol>\n<p><strong>Heritage Pickle (Amateur)<\/strong><\/p>\n<ol>\n<li>Bread and Butter Pickles from the\u00a0<em>All New Purity Cookbook<\/em>, 1957, by Rodger J. Beatty, St. Catharines, Ontario<\/li>\n<li>Pickled Beets from\u00a0<em>Kate Aitken&#8217;s Canadian Cook Book<\/em>\u00a0by Anda Rungis, Peterborough, Ontario<\/li>\n<li>Kosher Dill Pickles from an undated edition of the<em>\u00a0Better Homes and Gardens New Cook Book<\/em>\u00a0by Sarah Modesto, Etobicoke, Ontario<\/li>\n<\/ol>\n<p><strong>Heritage Pickle (Professional)<\/strong><\/p>\n<ol>\n<li>Bread &amp; Butter Pickles from an Amish neighbour&#8217;s recipe by Wendy Mahoney, Warkworth, Ontario<\/li>\n<li>Ice Water Pickles from an undated edition of the\u00a0<em>Purity Cookbook<\/em>\u00a0by Joanne Holt, Guelph, Ontario<\/li>\n<li>Beet &amp; Cabbage Relish from a 1940&#8217;s recipe from her grandmother by Natalia Lobach, Etobicoke, Ontario<\/li>\n<\/ol>\n<h1>2021<\/h1>\n<p><img loading=\"lazy\" decoding=\"async\" class=\"wp-image-3702 size-thumbnail aligncenter\" src=\"http:\/\/www.culinaryhistorians.ca\/wordpress\/wp-content\/uploads\/2021\/12\/13-e1639002936827-150x150.png\" alt=\"\" width=\"150\" height=\"150\" \/><\/p>\n<p><strong>Heritage Jam (Amateur)<\/strong><\/p>\n<ol>\n<li>Pineapple Jam by Louise Patteson, Cambridge, Ontario<\/li>\n<li>Raspberry Jam by Sue Hilborn, Woodstock, Ontario (from\u00a0<em>The Canadian Cookboo<\/em>k<em>)<\/em><\/li>\n<\/ol>\n<p><strong>Heritage Jam (Professional)<\/strong><\/p>\n<ol>\n<li>Calico Peach Pineapple Conserve by Gryphon Ridge Highlands, Niagara On The Lake, Ontario\u2014Champion Heritage Jam (from a handwritten family recipe passed down through at least three generations, pictured above right)<\/li>\n<li>Cranberry and Pear Jam by Henderson Farms, Wolfe Island, Ontario<\/li>\n<li>Black Currant Jam by Marjorie Paddle, Kingston, Ontario<\/li>\n<\/ol>\n<p><strong><img loading=\"lazy\" decoding=\"async\" class=\"wp-image-3700 size-thumbnail aligncenter\" src=\"http:\/\/www.culinaryhistorians.ca\/wordpress\/wp-content\/uploads\/2021\/12\/12-e1639003000481-150x150.png\" alt=\"\" width=\"150\" height=\"150\" \/>Heritage Pickle (Amateur)<\/strong><\/p>\n<ol>\n<li>Icicle Pickles by Craig Steven, St. Thomas, Ontario\u2014Champion Heritage Pickle (from a friend&#8217;s mother&#8217;s handwritten recipe in use for over 60 years, pictured above left)<\/li>\n<li>Grammy&#8217;s Beets by Ben Hatcher, Peterborough, Ontario<\/li>\n<li>Kosher Dill Pickles by Sarah Modesto, Etobicoke, Ontario<\/li>\n<\/ol>\n<p><strong>Heritage Pickle (Professional)<\/strong><\/p>\n<ol>\n<li>Bread &amp; Butter Pickles by Wendy Mahoney, Warkworth, Ontario<\/li>\n<li>Icicle Pickles by Marjorie Paddle, Kingston, Ontario<\/li>\n<li>Slippery Jacks by Marjorie Paddle, Kingston, Ontario<\/li>\n<\/ol>\n<h2>2020<\/h2>\n<p><strong>Heritage Jam (Amateur)<\/strong><\/p>\n<ol>\n<li>Susanne Tabur, Toronto, Ontario\u00a0(Apricot Jam)\u2014Champion Heritage Jam<\/li>\n<li>Katy Bell, Thornbury, Ontario\u00a0(Golden Jam)<\/li>\n<li>Jo-Anne Pulfer, Tottenham, Ontario (Grape Jelly,\u00a0Depression Era)<\/li>\n<\/ol>\n<p><strong>Heritage Jam (Professional)<\/strong><\/p>\n<ol>\n<li>Gryphon Ridge Highlands, Niagara-on-the-Lake, Ontario (Plum Nutty Jam)<\/li>\n<li>Joanne Holt, Guelph, Ontario (Black Currant Jam)<\/li>\n<li>MarBill Hill Farm, Schomberg, Ontario (Peach &amp; Orange Marmalade\u00a0from the 1962 edition of the\u00a0<em>Five Roses Cook Book<\/em>)<\/li>\n<\/ol>\n<p><strong>Heritage Pickle\u00a0(Amateur)<\/strong><\/p>\n<ol>\n<li>Ben Hatcher, Peterborough, Ontario (Holiday Table Bread and Butters)<\/li>\n<li>Sarah Modesto, Etobicoke, Ontario (Kosher Dill Pickles)<\/li>\n<li>Ben Hatcher, Peterborough, Ontario (Special Occasion Mustard Pickles)<\/li>\n<\/ol>\n<p><strong>Heritage Pickle<\/strong>\u00a0<strong>(Professional)<\/strong><\/p>\n<ol>\n<li>Joanne Holt, Guelph, Ontario (Icicle Pickles)\u2014Champion Heritage Pickle<\/li>\n<li>Joanne Holt, Guelph, Ontario (Bread and Butter Pickles)<\/li>\n<li>Joanne Holt, Guelph, Ontario (Watermelon Rind Pickles)<\/li>\n<\/ol>\n<h2>2019<\/h2>\n<p><strong>Heritage Jam (Professional)<\/strong><\/p>\n<ol>\n<li>Wendy Mahoney of Warkworth, Ontario (Heritage Raspberry Jam from her grandmother&#8217;s recipe).<\/li>\n<li>Okhotsk Jam Club of Monbetsu-Shi,\u00a0Hokkaido, Japan (Rose Petal Jam from\u00a0<em>La scienza in cucina e l&#8217;arte di mangiar bene<\/em>, or\u00a0<em>Science in the Kitchen and the Art of Eating Well<\/em> by Pellegrino Artusi, 1891).<\/li>\n<li>Henderson Farms of Wolfe Island, Ontario (Confiture de cassis \u00e9p\u00e9pin\u00e9es, which means\u00a0Seedless Black Currant Jelly, from the\u00a0<em>Livre de cuisine de Boston. \u00c9cole de Cuisine de Boston<\/em>, the French-language version of the\u00a0<em>Boston Cooking<\/em>&#8211;<em>School<\/em> Cook Book by Fannie Farmer, first published in 1896).<\/li>\n<\/ol>\n<p><strong>Heritage Jam (Amateur)<\/strong><\/p>\n<ol>\n<li>Mya Sangster of Toronto (&#8220;To Make Black Currant Jam&#8221; from\u00a0<em>The Experienced English Housekeeper<\/em>\u00a0by Mrs. Raffald, originally published in 1769. We wanted toast with this deliciously tart and chewy preserve!)<\/li>\n<li>Paul Barrie of Toronto (Pure Raspberry Jam, probably made with mixed red and black berries, from\u00a0<em>Pickles and Preserves<\/em> by Marion Brown, 1955).<\/li>\n<li>Kim Hinton of Toronto (Citrus Ginger Wine Marmalade, a family recipe from 1902).<\/li>\n<\/ol>\n<p><strong>Heritage Pickling (Professional)<\/strong><\/p>\n<ol>\n<li>Joanne Holt of Guelph, Ontario (Icicle Pickles from\u00a0<em>The Purity Cook-Book<\/em>, 1930).<\/li>\n<li>Alexandra Camm, Perth, Ontario (Icicle Pickles from a family recipe by &#8220;Aunt Jessie,&#8221; 1897-1987).<\/li>\n<li>Wendy Mahoney, Warkworth, Ontario (Bread &amp; Butter Pickles, an Amish recipe from &#8220;Mrs. Swatzentraber&#8221;).<\/li>\n<\/ol>\n<article><\/article>\n<article><strong style=\"font-size: inherit;\">Heritage Pickling (Amateur)<\/strong><\/article>\n<article>\n<ol>\n<li>Rodger J. Beatty of St. Catharines, Ontario (Bread and Butter Pickles from\u00a0<em>The All New Purity Cook Book: A Complete Book of Canadian Cooking<\/em>, revised edition, 1967, edited by Anna Lee Scott).<\/li>\n<li>Wanda Aultman of Powassan, Ontario (Pickled Baby Corn from\u00a0<em>Food That Really Schmecks<\/em> by Edna Staebler, 1968).<\/li>\n<li>Natalia Lobach of Etobicoke, Ontario (Pickled Cherries, contributed by &#8220;Miss Mary Braun, Victoria, B.C.&#8221;\u00a0to\u00a0<em>The Mennonite Treasury of Recipes<\/em>, Steinbach, Manitoba, 1962).<\/li>\n<\/ol>\n<\/article>\n<article>\n<h2>2018<\/h2>\n<\/article>\n<article><strong>Heritage Jam (Professional)<\/strong><\/article>\n<ol>\n<li>Robert Henderson, Henderson Farms: Apple &amp; Raspberry Jam.<\/li>\n<li>Wendy Mahoney: Raspberry Jam.<\/li>\n<li>Joanne Holt: Black Currant Jam.<\/li>\n<\/ol>\n<p><strong>Heritage Jam (Amateur)<\/strong><\/p>\n<ol>\n<li>Anna Veda Karlo: Mrs. Beeton\u2019s Strawberry Jam (<em>Mrs Beeton&#8217;s Book of Household Management<\/em>, 1861).<\/li>\n<li>Katy Bell: Her Grandma Harrison&#8217;s Cranberry Jam, probably based on the recipe for Cranberry Relish by Evyleen M. Reid in the Dromore Ladies&#8217; Aid society cookbook (Amos Presbyterian Church, Dromore, Ontario, 1964).<\/li>\n<li>Florian &amp; Jody Boehm: Heritage Wild Blackberry Jam (<em>Regensburger Kochbuch\u00a0<\/em>by Marie Schandri, Regensburg, Germany 1907)\u2014made with handpicked wild blackberries from Harrisburg, Connecticut.<\/li>\n<\/ol>\n<p><strong>Heritage Pickling (Professional<\/strong><\/p>\n<ol>\n<li>Joanne Holt Rhubarb\u00a0Relish from a 1917 recipe.<\/li>\n<li>Wendy Mahoney: Bread &amp; Butter Pickles.<\/li>\n<\/ol>\n<p><strong>Heritage Pickling (Amateur)<\/strong><\/p>\n<ol>\n<li>Ben Hatcher: Quebec-Style Mustard Pickles from a handwritten family recipe.<\/li>\n<li>Ben Hatcher: Beets with Winter Spices from a handwritten family recipe.<\/li>\n<li>Wanda Aultman: Pickled Baby Corn from an original Mennonite recipe.<\/li>\n<\/ol>\n<h2>2017<\/h2>\n<p><strong>Heritage Jam (professional)<\/strong><\/p>\n<ol>\n<li>Joanne Holt, Guelph, Ontario (Apricot Jam with Lemon Juice &#8211; <em>Complete Cookery<\/em> by Lilian Mattingly, 1946)<\/li>\n<li>Okhotsk Jam Club, Mombetsu-Shi, Japan (Red Currant Jelly &#8211; <a href=\"https:\/\/archive.org\/details\/acollectionabov00kettgoog\"><em>A Collection of Receipts in Cookery, Physyk &amp; Surgery by Several Hands<\/em><\/a>, 5th edition, 1734)<\/li>\n<li>Wendy Mahoney, Warkworth, Ontario\u00a0(Raspberry Jam &#8211; family recipe)<\/li>\n<\/ol>\n<p><strong>Heritage Jam (amateur)<\/strong><\/p>\n<ol>\n<li>Tom Boyd, Toronto (Carrot Marmalade &#8211;\u00a0<a href=\"http:\/\/tastykitchen.com\/recipes\/homemade-ingredients\/old-fashioned-carrot-marmalade\/\">Tasty Kitchen, A Happy Recipe Community<\/a>, a blog by Rachel Cleveland)<\/li>\n<li>Zack Wolske, Toronto (Apple Jelly from &#8220;Mrs. McDonald&#8221; &#8211; <a href=\"https:\/\/www.collectionscanada.gc.ca\/cuisine\/027006-119.01-e.php?brws=1&amp;cat_nbr=42&amp;page_ecopy=nlc009578.392&amp;&amp;&amp;&amp;&amp;&amp;&amp;&amp;&amp;&amp;&amp;PHPSESSID=e8omjni1spcoo7pjvl1066egh3\"><em>The New Galt Cookbook<\/em><\/a>, 1898)<\/li>\n<li>Well Preserved Farm, Toronto\u00a0(Gooseberry Jam, <em>Fannie Farmer\u2019s Boston Cooking School Cook Book<\/em>, 1946, French-language edition)<\/li>\n<\/ol>\n<p><strong>Heritage Pickling (professional)<\/strong><\/p>\n<ol>\n<li>Joanne Holt, Guelph, Ontario (Bread &amp; Butter Pickles &#8211; CCPF Cookbook, pre-1945)<\/li>\n<li>Wendy Mahoney, Warkworth, Ontario (Bread &amp; Butter Pickles &#8211; traditional Amish recipe)<\/li>\n<\/ol>\n<p><strong>Heritage Pickling (amateur)<\/strong><\/p>\n<ol>\n<li>Tom Boyd, Toronto (Mum&#8217;s Baby Bread &amp; Butter Pickles &#8211; <em>Better Homes &amp; Gardens Cookbook<\/em>, 1953)<\/li>\n<li>Cristan Farms, Oakville, Ontario (Red Pickled Beets &#8211; <em>Women&#8217;s Home Companion Cookbook<\/em>, 1942, 1943)<\/li>\n<li>Hayley Craig-Barnes, East York, Ontario (Pickled Watermelon Rind &#8211; family recipe)<\/li>\n<\/ol>\n<h2>2016<\/h2>\n<p><strong>Heritage Jam (professional)<\/strong><\/p>\n<ol>\n<li>Gagetown Fruit Farm, Gagetown, New Brunswick<\/li>\n<li>Henderson Farms, Wolfe Island, Ontario<\/li>\n<\/ol>\n<p><strong>Heritage Jam (amateur)<\/strong><\/p>\n<ol>\n<li>Jan Freedman, Aurora, Ontario<\/li>\n<li>Kim Hinton, Toronto<\/li>\n<li>Anna Veda Karlo, New York, NY<\/li>\n<\/ol>\n<p><strong>Heritage Pickling (professional)<\/strong><\/p>\n<ol>\n<li>Joanne Holt, Guelph, Ontario<\/li>\n<li>Tamarack Farms, Warkworth, Ontario<\/li>\n<\/ol>\n<p><strong>Heritage Jam (amateur)<\/strong><\/p>\n<ol>\n<li>Irene Wilson, Rockwood, Ontario (Premier Pickle Exhibitor &amp; Champion Heritage Pickle)<\/li>\n<li>Cristan Farms, Oakville, Ontario<\/li>\n<li>Jan Freedman, Aurora, Ontario<\/li>\n<\/ol>\n<h2>2015<\/h2>\n<p><strong>Heritage Jam (professional)<\/strong><\/p>\n<ol>\n<li>Robert Henderson: Apple and Raspberry Jam<\/li>\n<li>Joanne Holt: Black Currant Jam<\/li>\n<li>Heather Rhymes: Apple Butter<\/li>\n<\/ol>\n<p><strong>Heritage Jam (amateur)<\/strong><\/p>\n<ol>\n<li>Caroline Loucks: Raspberry Jam<\/li>\n<li>Caroline Loucks: Strawberry Jam<\/li>\n<li>Caroline Loucks: Apricot Jam<\/li>\n<\/ol>\n<p><strong>Heritage Pickling<\/strong><\/p>\n<ol>\n<li>Tom Boyd: Nine-Day Sweet and Crisp Cucumber Pickles<\/li>\n<li>Natalia Lobach: Watermelon Pickle<\/li>\n<li>Adele Schroder: Gram B&#8217;s Mustard Pickles<\/li>\n<\/ol>\n<h2>2014<\/h2>\n<p><strong>Heritage Jam<\/strong><\/p>\n<ol>\n<li>Patricia Griesser (Oma\u2019s Raspberry Jam)<\/li>\n<li>Mya Sangster (Damson Jam)<\/li>\n<li>Felicite Morgan (Strawberry Jam)<\/li>\n<\/ol>\n<p><strong>Heritage Pickling Class<\/strong><\/p>\n<ol>\n<li>Joanne Holt (Pickled Beets)<\/li>\n<li>Cristian Farms (Pickled Beets)<\/li>\n<li>Tom Boyd (Aunt Edna Thompson&#8217;s Icicle Pickles)<\/li>\n<\/ol>\n","protected":false},"excerpt":{"rendered":"<p>Royal Agricultural Winter Fair Canning Competition Heritage categories sponsored by the Culinary Historians of Canada 2022 Heritage Jam &amp; Jelly (Amateur) Strawberry Rhubarb Jam from\u00a0Mme Jehane Beno\u00eet&#8217;s Encyclopedia of Canadian Cuisine, 1963, by Well Preserved Farm, Toronto, Ontario Heritage Jam &hellip; <a href=\"https:\/\/www.culinaryhistorians.ca\/wordpress\/royal-agricultural-winter-fair-canning-competition\/\">Continue reading <span class=\"meta-nav\">&rarr;<\/span><\/a><\/p>\n","protected":false},"author":3,"featured_media":0,"parent":0,"menu_order":0,"comment_status":"closed","ping_status":"closed","template":"","meta":{"footnotes":""},"class_list":["post-2086","page","type-page","status-publish","hentry"],"_links":{"self":[{"href":"https:\/\/www.culinaryhistorians.ca\/wordpress\/wp-json\/wp\/v2\/pages\/2086","targetHints":{"allow":["GET"]}}],"collection":[{"href":"https:\/\/www.culinaryhistorians.ca\/wordpress\/wp-json\/wp\/v2\/pages"}],"about":[{"href":"https:\/\/www.culinaryhistorians.ca\/wordpress\/wp-json\/wp\/v2\/types\/page"}],"author":[{"embeddable":true,"href":"https:\/\/www.culinaryhistorians.ca\/wordpress\/wp-json\/wp\/v2\/users\/3"}],"replies":[{"embeddable":true,"href":"https:\/\/www.culinaryhistorians.ca\/wordpress\/wp-json\/wp\/v2\/comments?post=2086"}],"version-history":[{"count":7,"href":"https:\/\/www.culinaryhistorians.ca\/wordpress\/wp-json\/wp\/v2\/pages\/2086\/revisions"}],"predecessor-version":[{"id":3928,"href":"https:\/\/www.culinaryhistorians.ca\/wordpress\/wp-json\/wp\/v2\/pages\/2086\/revisions\/3928"}],"wp:attachment":[{"href":"https:\/\/www.culinaryhistorians.ca\/wordpress\/wp-json\/wp\/v2\/media?parent=2086"}],"curies":[{"name":"wp","href":"https:\/\/api.w.org\/{rel}","templated":true}]}}